31 = 4*d, -2*u = h*d - 59. Is u a prime number?
True
Let o(n) = n**3 - 19*n - 19. Let p = 51 - 39. Is o(p) a prime number?
True
Suppose -3 = -b + a, 2 = -2*b + 5*a - 1. Let j = b - -301. Is j a composite number?
False
Suppose 3*s = 6*s - 3021. Suppose 5*x = -4*d + s, 0*d = -4*x - 4*d + 804. Is x prime?
False
Is (13263/(-12))/(-5 - (-76)/16) a prime number?
True
Suppose 0 = -3*f - f + 8. Suppose -f - 10 = -4*s. Suppose 4*m = s*x - 163, -2*m = -2*x + 2*m + 110. Is x a prime number?
True
Let x = 594 - -7751. Is x a prime number?
False
Let c(l) = 4*l**2 - 7*l - 2. Let h(q) = 11*q**2 - 21*q - 6. Let x(n) = 17*c(n) - 6*h(n). Let z be x(-5). Suppose 4*o = 67 + z. Is o a prime number?
False
Suppose -2 = -t + 3*t - 2*p, 3*t - 9 = -3*p. Suppose -j + s = t, -3 - 2 = 5*s. Is j*(1 + 190/(-4)) a composite number?
True
Let q = 1039 - -2344. Is q a composite number?
True
Suppose -3*o + 9 = -0*o. Let y = 2917 + -1410. Suppose 4*b - y = -o*k, 228 = b + 5*k - 170. Is b composite?
False
Suppose 0 = v - 4*l - 9, -5*v - 3*l + 20 = 2*l. Suppose 2*s - 4*z = 88, 3*s + v*z - 31 - 46 = 0. Is 4/s - (-2225)/17 prime?
True
Is (-1)/((-16)/(-240168))*(-6)/9 composite?
False
Let z be ((-8)/(-5))/((-8)/(-20)). Suppose 0 = -z*k + 2*t + 10622, 4*t - 6*t - 2651 = -k. Is k a prime number?
True
Let i = -31 + 33. Let w = -1 - -4. Suppose 95 = -i*n + w*n. Is n a composite number?
True
Suppose 3*v + 2*v = -p - 10, -v = 3*p - 26. Let l be (1/2)/(p/(-180)). Let o(j) = -2*j + 4. Is o(l) a prime number?
False
Let k be 4 + ((-6168)/(-3))/2. Let x = k + -424. Let v = x - -213. Is v composite?
False
Suppose -4*m = -5*j - 33, -j + 0 - 5 = 0. Let y(a) = 3*a**2 + 3*a + 9. Let u be y(-8). Suppose m*i + i = u. Is i a composite number?
False
Let g(d) = 6928*d**2 - 19*d + 7. Is g(2) composite?
True
Suppose -12*m = -70830 - 25230. Is m a prime number?
False
Suppose -18*o + 33394 = -41000. Is o a prime number?
True
Let o(x) = -73*x**3 - 14*x**2 - 37*x - 7. Is o(-6) prime?
False
Let y be (-58)/(-18) + (-2)/9. Is 264/2 - (y - 0) prime?
False
Let w = 475 + -316. Is (w/12)/(1/20) prime?
False
Let j(w) = -16*w**3 + 12*w**2 + 38*w + 7. Is j(-9) prime?
True
Is (-499332)/(-20) + (-28)/(-70) a prime number?
True
Suppose 2*z + 2*t - 49818 = 0, 3*z - 124525 = -2*z + 5*t. Is z a prime number?
True
Let i be (-10)/3*12/(-8). Let y = i - 0. Suppose 137 = 5*w - l + 24, 5*l - 125 = -y*w. Is w composite?
False
Suppose 4*l + l = 465. Let p be 0/(4 + -9 + 4). Suppose -4*n + l + 487 = p. Is n a composite number?
True
Let u(k) = 7*k**2 + 4*k. Let a be u(-2). Let m = 24 - a. Suppose g = m*d - 6 - 449, -d = -3*g - 122. Is d a composite number?
False
Let h(f) = -f**3 + 8*f**2 + f - 6. Let v be h(8). Suppose 4*g - 8 = 0, -v*d - 2*g = -5*g + 10. Is 143 + d - (-2 - -4) a composite number?
False
Let f = -67 - -28. Suppose -y + 50 = -8. Let r = f + y. Is r a prime number?
True
Suppose 0*x = -2*x + 44. Let s = -28 + x. Let u(p) = -104*p + 7. Is u(s) composite?
False
Suppose -42341 = -4*t + 5*l, 5*l = -4*t + 22901 + 19470. Is t a composite number?
False
Let y = 765 + 926. Is y prime?
False
Let g(f) = -7*f + 1. Let w(x) = 1. Let t(p) = -g(p) + 3*w(p). Suppose 3*q - 1 = 20. Is t(q) a prime number?
False
Let z(b) = -10*b - 12. Let k be (7/(-2))/(4/(-8)). Let y be z(k). Let g = 471 - y. Is g a composite number?
True
Let c be 5/(-15)*0/(-2). Suppose c = -4*m + 399 + 25. Is m a prime number?
False
Let s = -12924 + 61295. Is s a composite number?
False
Let m = 35 - 35. Suppose a = 3*k + 2*k + 47, m = 2*a - k - 76. Is a composite?
False
Let g(k) = k**2 - 9*k + 12. Let b be g(8). Suppose -b*o - 15 = o. Is o - (-1 - (-489)/(-3)) a composite number?
True
Let p = 4282 - 389. Is p a prime number?
False
Let w(b) = 29936*b + 217. Is w(2) a composite number?
False
Suppose 126*d - 144*d = -151434. Is d a prime number?
False
Let q = 5 + 22. Suppose -2*t + 10 + 1 = 3*u, 3*t - q = -u. Suppose t*a - 1562 + 272 = 0. Is a a composite number?
True
Let q = 93 + -88. Suppose -q*n = -3*i - 1099, 129 = -5*n + 5*i + 1224. Is n composite?
True
Let t(s) = -s**2 - 6*s + 2. Let g be t(-6). Let y(d) = -d**2 - 3*d + 1. Let o(n) = -14*n**2 + 5*n - 4. Let l(c) = -o(c) - y(c). Is l(g) a composite number?
False
Let g(w) = -1329*w**3 + 3*w**2 + 3*w - 1. Is g(-2) prime?
False
Let r(x) = 18*x**3 + x**2 - 8. Let u be r(-3). Let c = u + 778. Is c composite?
False
Let k(j) = j**3 + 23*j**2 - 24*j + 23. Let r be k(-27). Let b = 190 - r. Is b a prime number?
False
Suppose 31*y - 43*y = -254964. Is y a prime number?
True
Let m(u) = -80*u - 251. Is m(-42) composite?
False
Suppose -b - 9*v + 2921 = -5*v, 0 = -5*b - 2*v + 14605. Is b composite?
True
Suppose -v + 5754 = x, -55*x = -5*v - 58*x + 28760. Is v a composite number?
False
Let i be (-27)/18*(2 + 0). Let y = -5 - i. Is y/10 + 131/5 prime?
False
Suppose 14 = 4*a + 6. Suppose 0 = a*u + 531 - 1303. Is u composite?
True
Let c = 3327 + 2144. Is c composite?
False
Let i(f) = -f**3 + 5*f**2 + f - 3. Let v be i(5). Let q be v/(-3) + 100/15. Suppose -q*x + 3*x + 5277 = 0. Is x a composite number?
False
Suppose 8399 - 52407 = -4*u. Is u a composite number?
True
Suppose -2*l - l = 4*d + 114, 3*d + 5*l = -91. Is (-9)/(d/(-12)) - -513 prime?
True
Let o(g) = 127*g**2 + 2*g + 18. Is o(5) a prime number?
True
Is (-25809)/(-14)*(-132)/(-18) prime?
False
Let g be (-2 + 3)/(2/10). Suppose -441 = -g*o - 3*f, 4*o + 2*f - 164 - 188 = 0. Is o a composite number?
True
Let k(m) = -16 + 7*m + 6*m**2 - 5*m - m - 14. Is k(13) composite?
False
Suppose -2*q - 371 = -6*q + 3*j, 2*q - 3*j = 187. Let u = 251 + -132. Let t = u + q. Is t a prime number?
True
Is (-4 - (-1962)/(-5))/((-6)/30) prime?
False
Let k(v) be the second derivative of v**5/12 + 3*v**4/8 + 7*v**3/6 - v**2/2 - 10*v. Let p(i) be the first derivative of k(i). Is p(9) a prime number?
False
Let m(d) = -3*d + 1. Let h be m(-3). Let j be 4*515/h + -4. Suppose l - 379 = j. Is l prime?
False
Let n = -281 - -131. Let t(i) = -365*i**3 - i**2 - i. Let y be t(-1). Let d = y + n. Is d a composite number?
True
Suppose 154*f + 29953 = 165*f. Is f composite?
True
Let z(c) = 44*c**3 - 23*c**2 + 8*c - 23. Is z(12) prime?
False
Suppose 4*p + 6389 = 437. Let s = p - -2257. Is s a prime number?
True
Suppose -5*t + 30 = -10. Let j(h) = -48*h - 1. Let p be j(-2). Suppose -t*u + 3*u = -p. Is u a composite number?
False
Suppose 0 = -3*w - 2*w + 20. Suppose -c + 389 = 5*h + 50, 2*h - w*c = 118. Is h a composite number?
False
Let f = -39348 + 55531. Is f composite?
False
Let v be -5 - 2*(-2 - 0) - -1755. Is 48/112 - v/(-7) composite?
False
Let w = 120 + 129. Let h = w + 166. Is h composite?
True
Is 2236566/(-285)*(2 - 18/4) composite?
True
Suppose -2*p + 3*f + 1562 = 4*f, 4*p = 3*f + 3124. Is p a prime number?
False
Let h = 8 - 6. Suppose -11 = -h*m + 9. Suppose -716 = m*g - 14*g. Is g composite?
False
Suppose -8*b = -3*b - 15. Suppose -2*h + f + 183 = 0, -5*f = b*h - 4*h + 114. Is h composite?
False
Suppose 640 = 6*s - s. Let m = s + -37. Is m prime?
False
Suppose 0*h - 5*h + 15 = 0. Suppose -4*k = -0*k - 4*m - 6540, k - 5*m = 1643. Suppose k - 448 = h*w. Is w composite?
True
Let x(a) be the second derivative of a**3/2 + 7*a**2/2 - a. Let r be x(14). Suppose -r = -3*p + 728. Is p composite?
True
Let f be ((-18)/(3 - 6))/((-6)/(-42)). Let w = 57 - f. Is w a prime number?
False
Suppose -11339 = -4*k - 19*k. Is k prime?
False
Suppose -45795 - 246546 = -7*r. Is r a composite number?
True
Let n be -11 + 7 - (-3 + -4). Is n/(18/44454) - -2 a prime number?
True
Let i = 25837 + -16304. Is i a prime number?
True
Suppose 136*m = 183*m - 3292397. Is m a prime number?
True
Let o(h) = -h**2 - 4*h - 1. Let c be o(-3). Suppose 545 = c*z + z + 2*f, -z + f = -190. Suppose 4*k - z = 171. Is k composite?
False
Let a = -14904 + 25903. Is a prime?
False
Let i = 6435 + -4381. Is (i/(-4))/(1/(-2)) a composite number?
True
Let v be 1/((-18)/(-16) - 1). Let z = 13 - v. Suppose 4*r + z*w - 131 = 2*r, 0 = -r + 4*w + 33. Is r a composite number?
False
Let x be 4/(-2) - (17 + -21). Let w(y) = 241*y**2 - 2*y - 1. Is w(x) composite?
True
Suppose 2*y = 4*x - 7*x - 11441, 3*x - 2*y = -11425. Let h = 5448 + x. Is h a prime number?
True
Let t = -10 + 13. Let f = 7 - t. Is (45/6)/(2/f) composite?
True
Let c = -56 + 58. Is 212*(2*c + (-42)/12) a 